{"id":2,"date":"2025-12-19T07:54:48","date_gmt":"2025-12-19T07:54:48","guid":{"rendered":"http:\/\/impactespace.csdigipro.com\/?page_id=2"},"modified":"2025-12-20T14:18:27","modified_gmt":"2025-12-20T14:18:27","slug":"sample-page","status":"publish","type":"page","link":"https:\/\/impactespace.csdigipro.com\/","title":{"rendered":"Acceuil"},"content":{"rendered":"\t\t<div data-elementor-type=\"wp-page\" data-elementor-id=\"2\" class=\"elementor elementor-2\">\n\t\t\t\t<div class=\"elementor-element elementor-element-1aa8ab6c e-con-full e-flex e-con e-parent\" data-id=\"1aa8ab6c\" data-element_type=\"container\" data-e-type=\"container\">\n\t\t<div class=\"elementor-element elementor-element-79d1550 e-con-full e-flex e-con e-child\" data-id=\"79d1550\" data-element_type=\"container\" data-e-type=\"container\">\n\t\t\t\t<div class=\"elementor-element elementor-element-b3cbb65 elementor-widget elementor-widget-image\" data-id=\"b3cbb65\" data-element_type=\"widget\" data-e-type=\"widget\" data-widget_type=\"image.default\">\n\t\t\t\t\t\t\t\t\t\t\t\t\t\t\t<img decoding=\"async\" src=\"https:\/\/impactespace.csdigipro.com\/wp-content\/uploads\/elementor\/thumbs\/LOGO-IMPACT-ESPACE-rgfkcg8q4cq742ft98hwmq57lv7799g6s79p5o5gqo.png\" title=\"LOGO IMPACT ESPACE\" alt=\"LOGO IMPACT ESPACE\" loading=\"lazy\" \/>\t\t\t\t\t\t\t\t\t\t\t\t\t\t\t<\/div>\n\t\t\t\t<div class=\"elementor-element elementor-element-26b4ebb elementor-widget elementor-widget-html\" data-id=\"26b4ebb\" data-element_type=\"widget\" data-e-type=\"widget\" data-widget_type=\"html.default\">\n\t\t\t\t\t<html lang=\"fr\">\r\n<head>\r\n    <meta charset=\"UTF-8\">\r\n    <title>Phrase centr\u00e9e<\/title>\r\n    <style>\r\n        .centrer {\r\n            color: white;               \/* Couleur du texte *\/\r\n            text-align: center;          \/* Centrer le texte *\/\r\n            letter-spacing: 1px;         \/* Espacement des lettres *\/\r\n            text-transform: uppercase;   \/* Tout en majuscules *\/\r\n            font-size: 16px;             \/* Taille du texte *\/\r\n             font-family: telex;\r\n            margin-top: 0px;            \/* Espace en haut (facultatif) *\/\r\n        }\r\n        body {\r\n            background-color: #333;      \/* Fond sombre pour voir le texte blanc *\/\r\n        }\r\n    <\/style>\r\n<\/head>\r\n<body>\r\n    <p class=\"centrer\">Salle climatis\u00e9e et moderne pour vos formations, r\u00e9unions ou \u00e9v\u00e9nements \u00e0 Abatta.<\/p>\r\n<\/body>\r\n<\/html>\t\t\t\t<\/div>\n\t\t\t\t<\/div>\n\t\t<div class=\"elementor-element elementor-element-d06235e e-flex e-con-boxed e-con e-child\" data-id=\"d06235e\" data-element_type=\"container\" data-e-type=\"container\">\n\t\t\t\t\t<div class=\"e-con-inner\">\n\t\t\t\t<div class=\"elementor-element elementor-element-bb007ce elementor-button-success elementor-align-center elementor-widget elementor-widget-button\" data-id=\"bb007ce\" data-element_type=\"widget\" data-e-type=\"widget\" data-widget_type=\"button.default\">\n\t\t\t\t\t\t\t\t\t\t<a class=\"elementor-button elementor-button-link elementor-size-sm elementor-animation-grow\" href=\"https:\/\/wa.me\/2250787899080\">\n\t\t\t\t\t\t<span class=\"elementor-button-content-wrapper\">\n\t\t\t\t\t\t<span class=\"elementor-button-icon\">\n\t\t\t\t<svg aria-hidden=\"true\" class=\"e-font-icon-svg e-fab-whatsapp\" viewBox=\"0 0 448 512\" xmlns=\"http:\/\/www.w3.org\/2000\/svg\"><path d=\"M380.9 97.1C339 55.1 283.2 32 223.9 32c-122.4 0-222 99.6-222 222 0 39.1 10.2 77.3 29.6 111L0 480l117.7-30.9c32.4 17.7 68.9 27 106.1 27h.1c122.3 0 224.1-99.6 224.1-222 0-59.3-25.2-115-67.1-157zm-157 341.6c-33.2 0-65.7-8.9-94-25.7l-6.7-4-69.8 18.3L72 359.2l-4.4-7c-18.5-29.4-28.2-63.3-28.2-98.2 0-101.7 82.8-184.5 184.6-184.5 49.3 0 95.6 19.2 130.4 54.1 34.8 34.9 56.2 81.2 56.1 130.5 0 101.8-84.9 184.6-186.6 184.6zm101.2-138.2c-5.5-2.8-32.8-16.2-37.9-18-5.1-1.9-8.8-2.8-12.5 2.8-3.7 5.6-14.3 18-17.6 21.8-3.2 3.7-6.5 4.2-12 1.4-32.6-16.3-54-29.1-75.5-66-5.7-9.8 5.7-9.1 16.3-30.3 1.8-3.7.9-6.9-.5-9.7-1.4-2.8-12.5-30.1-17.1-41.2-4.5-10.8-9.1-9.3-12.5-9.5-3.2-.2-6.9-.2-10.6-.2-3.7 0-9.7 1.4-14.8 6.9-5.1 5.6-19.4 19-19.4 46.3 0 27.3 19.9 53.7 22.6 57.4 2.8 3.7 39.1 59.7 94.8 83.8 35.2 15.2 49 16.5 66.6 13.9 10.7-1.6 32.8-13.4 37.4-26.4 4.6-13 4.6-24.1 3.2-26.4-1.3-2.5-5-3.9-10.5-6.6z\"><\/path><\/svg>\t\t\t<\/span>\n\t\t\t\t\t\t\t\t\t<span class=\"elementor-button-text\">R\u00e9server maintenant<\/span>\n\t\t\t\t\t<\/span>\n\t\t\t\t\t<\/a>\n\t\t\t\t\t\t\t\t<\/div>\n\t\t\t\t\t<\/div>\n\t\t\t\t<\/div>\n\t\t\t\t<\/div>\n\t\t<div class=\"elementor-element elementor-element-590f7a5 e-grid e-con-boxed e-con e-parent\" data-id=\"590f7a5\" data-element_type=\"container\" data-e-type=\"container\">\n\t\t\t\t\t<div class=\"e-con-inner\">\n\t\t\t\t<div class=\"elementor-element elementor-element-03ba308 elementor-widget__width-initial elementor-widget elementor-widget-video\" data-id=\"03ba308\" data-element_type=\"widget\" data-e-type=\"widget\" data-settings=\"{&quot;video_type&quot;:&quot;hosted&quot;,&quot;loop&quot;:&quot;yes&quot;,&quot;controls&quot;:&quot;yes&quot;}\" data-widget_type=\"video.default\">\n\t\t\t\t\t\t\t<div class=\"e-hosted-video elementor-wrapper elementor-open-inline\">\n\t\t\t\t\t<video class=\"elementor-video\" src=\"https:\/\/impactespace.csdigipro.com\/wp-content\/uploads\/2025\/12\/lv_0_20251218203146.mp4\" loop=\"\" controls=\"\" preload=\"metadata\" controlsList=\"nodownload\"><\/video>\n\t\t\t\t<\/div>\n\t\t\t\t\t\t<\/div>\n\t\t\t\t<div class=\"elementor-element elementor-element-b12f1f9 elementor-widget elementor-widget-text-editor\" data-id=\"b12f1f9\" data-element_type=\"widget\" data-e-type=\"widget\" data-widget_type=\"text-editor.default\">\n\t\t\t\t\t\t\t\t\t<h3>impact espace : Un espace moderne et accueillant pour vos formations et \u00e9v\u00e9nements<\/h3>\n<p>Situ\u00e9e au carrefour V\u00e9n\u00e9zua, sur la route d\u2019Abatta, notre salle offre un cadre id\u00e9al pour vos formations, r\u00e9unions, s\u00e9minaires ou petits \u00e9v\u00e9nements.<\/p>\n<p>Pens\u00e9e pour le confort et la productivit\u00e9, elle combine un environnement calme, un am\u00e9nagement professionnel et des \u00e9quipements modernes, afin de garantir la r\u00e9ussite de toutes vos sessions.<\/p>\n<h3>\ud83e\uddf0 Ce que nous mettons \u00e0 votre disposition<\/h3>\n<p>\u2744\ufe0f Salle climatis\u00e9e \u2013 Capacit\u00e9 de 25 places confortables<\/p>\n<p>\ud83d\udcfa \u00c9cran TV 55\u2019\u2019 connect\u00e9 \u2013 pour vos pr\u00e9sentations et projections<\/p>\n<p>\ud83c\udf10 WiFi haut d\u00e9bit \u2013 pour vos besoins num\u00e9riques<\/p>\n<p>\ud83c\udf7d\ufe0f Cuisine \u00e9quip\u00e9e \u2013 pour vos pauses caf\u00e9 ou repas sur place<\/p>\n<p>\ud83d\udebb Toilettes modernes et propres<\/p>\n<p>\ud83e\ude91 Tables et chaises modulables selon vos besoins<\/p>\n<h3>\ud83d\udccd Localisation<\/h3>\n<p>Nous sommes situ\u00e9s \u00e0 Abatta, carrefour V\u00e9n\u00e9zua, au 2e \u00e9tage d\u2019un immeuble calme et accessible, \u00e0 quelques minutes seulement de la Riviera et de Bingerville.<\/p>\n<p>\ud83d\udc49 Venez d\u00e9couvrir un espace pens\u00e9 pour la r\u00e9ussite de vos formations et le confort de vos participants.<\/p>\t\t\t\t\t\t\t\t<\/div>\n\t\t\t\t\t<\/div>\n\t\t\t\t<\/div>\n\t\t<div class=\"elementor-element elementor-element-e28875f e-flex e-con-boxed e-con e-parent\" data-id=\"e28875f\" data-element_type=\"container\" data-e-type=\"container\">\n\t\t\t\t\t<div class=\"e-con-inner\">\n\t\t\t\t<div class=\"elementor-element elementor-element-8f9d077 elementor-arrows-position-inside elementor-pagination-position-outside elementor-widget elementor-widget-image-carousel\" data-id=\"8f9d077\" data-element_type=\"widget\" data-e-type=\"widget\" data-settings=\"{&quot;slides_to_show&quot;:&quot;7&quot;,&quot;navigation&quot;:&quot;both&quot;,&quot;autoplay&quot;:&quot;yes&quot;,&quot;pause_on_hover&quot;:&quot;yes&quot;,&quot;pause_on_interaction&quot;:&quot;yes&quot;,&quot;autoplay_speed&quot;:5000,&quot;infinite&quot;:&quot;yes&quot;,&quot;speed&quot;:500}\" data-widget_type=\"image-carousel.default\">\n\t\t\t\t\t\t\t<div class=\"elementor-image-carousel-wrapper swiper\" role=\"region\" aria-roledescription=\"carousel\" aria-label=\"Carrousel d\u2019images\" dir=\"ltr\">\n\t\t\t<div class=\"elementor-image-carousel swiper-wrapper\" aria-live=\"off\">\n\t\t\t\t\t\t\t\t<div class=\"swiper-slide\" role=\"group\" aria-roledescription=\"slide\" aria-label=\"1 sur 12\"><figure class=\"swiper-slide-inner\"><img decoding=\"async\" class=\"swiper-slide-image\" src=\"https:\/\/impactespace.csdigipro.com\/wp-content\/uploads\/2025\/12\/20251213_0939252-150x150.jpg\" alt=\"20251213_093925~2\" \/><\/figure><\/div><div class=\"swiper-slide\" role=\"group\" aria-roledescription=\"slide\" aria-label=\"2 sur 12\"><figure class=\"swiper-slide-inner\"><img decoding=\"async\" class=\"swiper-slide-image\" src=\"https:\/\/impactespace.csdigipro.com\/wp-content\/uploads\/2025\/12\/20251213_0939182-150x150.jpg\" alt=\"20251213_093918~2\" \/><\/figure><\/div><div class=\"swiper-slide\" role=\"group\" aria-roledescription=\"slide\" aria-label=\"3 sur 12\"><figure class=\"swiper-slide-inner\"><img decoding=\"async\" class=\"swiper-slide-image\" src=\"https:\/\/impactespace.csdigipro.com\/wp-content\/uploads\/2025\/12\/20251213_0938552-150x150.jpg\" alt=\"20251213_093855~2\" \/><\/figure><\/div><div class=\"swiper-slide\" role=\"group\" aria-roledescription=\"slide\" aria-label=\"4 sur 12\"><figure class=\"swiper-slide-inner\"><img decoding=\"async\" class=\"swiper-slide-image\" src=\"https:\/\/impactespace.csdigipro.com\/wp-content\/uploads\/2025\/12\/20251213_0938162-150x150.jpg\" alt=\"20251213_093816~2\" \/><\/figure><\/div><div class=\"swiper-slide\" role=\"group\" aria-roledescription=\"slide\" aria-label=\"5 sur 12\"><figure class=\"swiper-slide-inner\"><img decoding=\"async\" class=\"swiper-slide-image\" src=\"https:\/\/impactespace.csdigipro.com\/wp-content\/uploads\/2025\/12\/20251213_0937572-150x150.jpg\" alt=\"20251213_093757~2\" \/><\/figure><\/div><div class=\"swiper-slide\" role=\"group\" aria-roledescription=\"slide\" aria-label=\"6 sur 12\"><figure class=\"swiper-slide-inner\"><img decoding=\"async\" class=\"swiper-slide-image\" src=\"https:\/\/impactespace.csdigipro.com\/wp-content\/uploads\/2025\/12\/20251213_093734-150x150.jpg\" alt=\"20251213_093734\" \/><\/figure><\/div><div class=\"swiper-slide\" role=\"group\" aria-roledescription=\"slide\" aria-label=\"7 sur 12\"><figure class=\"swiper-slide-inner\"><img decoding=\"async\" class=\"swiper-slide-image\" src=\"https:\/\/impactespace.csdigipro.com\/wp-content\/uploads\/2025\/12\/20251213_0936312-150x150.jpg\" alt=\"20251213_093631~2\" \/><\/figure><\/div><div class=\"swiper-slide\" role=\"group\" aria-roledescription=\"slide\" aria-label=\"8 sur 12\"><figure class=\"swiper-slide-inner\"><img decoding=\"async\" class=\"swiper-slide-image\" src=\"https:\/\/impactespace.csdigipro.com\/wp-content\/uploads\/2025\/12\/20251213_0935532-150x150.jpg\" alt=\"20251213_093553~2\" \/><\/figure><\/div><div class=\"swiper-slide\" role=\"group\" aria-roledescription=\"slide\" aria-label=\"9 sur 12\"><figure class=\"swiper-slide-inner\"><img decoding=\"async\" class=\"swiper-slide-image\" src=\"https:\/\/impactespace.csdigipro.com\/wp-content\/uploads\/2025\/12\/20251213_0935322-150x150.jpg\" alt=\"20251213_093532~2\" \/><\/figure><\/div><div class=\"swiper-slide\" role=\"group\" aria-roledescription=\"slide\" aria-label=\"10 sur 12\"><figure class=\"swiper-slide-inner\"><img decoding=\"async\" class=\"swiper-slide-image\" src=\"https:\/\/impactespace.csdigipro.com\/wp-content\/uploads\/2025\/12\/20251213_0934392-150x150.jpg\" alt=\"20251213_093439~2\" \/><\/figure><\/div><div class=\"swiper-slide\" role=\"group\" aria-roledescription=\"slide\" aria-label=\"11 sur 12\"><figure class=\"swiper-slide-inner\"><img decoding=\"async\" class=\"swiper-slide-image\" src=\"https:\/\/impactespace.csdigipro.com\/wp-content\/uploads\/2025\/12\/20251213_0937341-150x150.jpg\" alt=\"20251213_093734(1)\" \/><\/figure><\/div><div class=\"swiper-slide\" role=\"group\" aria-roledescription=\"slide\" aria-label=\"12 sur 12\"><figure class=\"swiper-slide-inner\"><img decoding=\"async\" class=\"swiper-slide-image\" src=\"https:\/\/impactespace.csdigipro.com\/wp-content\/uploads\/2025\/12\/20251213_0935082-150x150.jpg\" alt=\"20251213_093508~2\" \/><\/figure><\/div>\t\t\t<\/div>\n\t\t\t\t\t\t\t\t\t\t\t\t<div class=\"elementor-swiper-button elementor-swiper-button-prev\" role=\"button\" tabindex=\"0\">\n\t\t\t\t\t\t<svg aria-hidden=\"true\" class=\"e-font-icon-svg e-eicon-chevron-left\" viewBox=\"0 0 1000 1000\" xmlns=\"http:\/\/www.w3.org\/2000\/svg\"><path d=\"M646 125C629 125 613 133 604 142L308 442C296 454 292 471 292 487 292 504 296 521 308 533L604 854C617 867 629 875 646 875 663 875 679 871 692 858 704 846 713 829 713 812 713 796 708 779 692 767L438 487 692 225C700 217 708 204 708 187 708 171 704 154 692 142 675 129 663 125 646 125Z\"><\/path><\/svg>\t\t\t\t\t<\/div>\n\t\t\t\t\t<div class=\"elementor-swiper-button elementor-swiper-button-next\" role=\"button\" tabindex=\"0\">\n\t\t\t\t\t\t<svg aria-hidden=\"true\" class=\"e-font-icon-svg e-eicon-chevron-right\" viewBox=\"0 0 1000 1000\" xmlns=\"http:\/\/www.w3.org\/2000\/svg\"><path d=\"M696 533C708 521 713 504 713 487 713 471 708 454 696 446L400 146C388 133 375 125 354 125 338 125 325 129 313 142 300 154 292 171 292 187 292 204 296 221 308 233L563 492 304 771C292 783 288 800 288 817 288 833 296 850 308 863 321 871 338 875 354 875 371 875 388 867 400 854L696 533Z\"><\/path><\/svg>\t\t\t\t\t<\/div>\n\t\t\t\t\n\t\t\t\t\t\t\t\t\t<div class=\"swiper-pagination\"><\/div>\n\t\t\t\t\t\t\t\t\t<\/div>\n\t\t\t\t\t\t<\/div>\n\t\t\t\t\t<\/div>\n\t\t\t\t<\/div>\n\t\t<div class=\"elementor-element elementor-element-a0e25c6 e-con-full e-flex e-con e-parent\" data-id=\"a0e25c6\" data-element_type=\"container\" data-e-type=\"container\">\n\t\t<div class=\"elementor-element elementor-element-2d36e31 e-con-full e-flex e-con e-child\" data-id=\"2d36e31\" data-element_type=\"container\" data-e-type=\"container\">\n\t\t\t\t<div class=\"elementor-element elementor-element-d08cc46 elementor-widget elementor-widget-text-editor\" data-id=\"d08cc46\" data-element_type=\"widget\" data-e-type=\"widget\" data-widget_type=\"text-editor.default\">\n\t\t\t\t\t\t\t\t\t<p>Tarif unique<\/p>\t\t\t\t\t\t\t\t<\/div>\n\t\t\t\t<div class=\"elementor-element elementor-element-b240222 elementor-widget elementor-widget-heading\" data-id=\"b240222\" data-element_type=\"widget\" data-e-type=\"widget\" data-widget_type=\"heading.default\">\n\t\t\t\t\t<div class=\"elementor-heading-title elementor-size-default\">50 000<\/div>\t\t\t\t<\/div>\n\t\t\t\t<div class=\"elementor-element elementor-element-20df36b elementor-widget elementor-widget-text-editor\" data-id=\"20df36b\" data-element_type=\"widget\" data-e-type=\"widget\" data-widget_type=\"text-editor.default\">\n\t\t\t\t\t\t\t\t\t<p>FCFA \/ JOUR<\/p>\t\t\t\t\t\t\t\t<\/div>\n\t\t\t\t<div class=\"elementor-element elementor-element-fb4d6ef elementor-button-success elementor-align-center elementor-widget elementor-widget-button\" data-id=\"fb4d6ef\" data-element_type=\"widget\" data-e-type=\"widget\" data-widget_type=\"button.default\">\n\t\t\t\t\t\t\t\t\t\t<a class=\"elementor-button elementor-button-link elementor-size-sm elementor-animation-grow\" href=\"https:\/\/wa.me\/2250787899080\">\n\t\t\t\t\t\t<span class=\"elementor-button-content-wrapper\">\n\t\t\t\t\t\t<span class=\"elementor-button-icon\">\n\t\t\t\t<svg aria-hidden=\"true\" class=\"e-font-icon-svg e-fab-whatsapp\" viewBox=\"0 0 448 512\" xmlns=\"http:\/\/www.w3.org\/2000\/svg\"><path d=\"M380.9 97.1C339 55.1 283.2 32 223.9 32c-122.4 0-222 99.6-222 222 0 39.1 10.2 77.3 29.6 111L0 480l117.7-30.9c32.4 17.7 68.9 27 106.1 27h.1c122.3 0 224.1-99.6 224.1-222 0-59.3-25.2-115-67.1-157zm-157 341.6c-33.2 0-65.7-8.9-94-25.7l-6.7-4-69.8 18.3L72 359.2l-4.4-7c-18.5-29.4-28.2-63.3-28.2-98.2 0-101.7 82.8-184.5 184.6-184.5 49.3 0 95.6 19.2 130.4 54.1 34.8 34.9 56.2 81.2 56.1 130.5 0 101.8-84.9 184.6-186.6 184.6zm101.2-138.2c-5.5-2.8-32.8-16.2-37.9-18-5.1-1.9-8.8-2.8-12.5 2.8-3.7 5.6-14.3 18-17.6 21.8-3.2 3.7-6.5 4.2-12 1.4-32.6-16.3-54-29.1-75.5-66-5.7-9.8 5.7-9.1 16.3-30.3 1.8-3.7.9-6.9-.5-9.7-1.4-2.8-12.5-30.1-17.1-41.2-4.5-10.8-9.1-9.3-12.5-9.5-3.2-.2-6.9-.2-10.6-.2-3.7 0-9.7 1.4-14.8 6.9-5.1 5.6-19.4 19-19.4 46.3 0 27.3 19.9 53.7 22.6 57.4 2.8 3.7 39.1 59.7 94.8 83.8 35.2 15.2 49 16.5 66.6 13.9 10.7-1.6 32.8-13.4 37.4-26.4 4.6-13 4.6-24.1 3.2-26.4-1.3-2.5-5-3.9-10.5-6.6z\"><\/path><\/svg>\t\t\t<\/span>\n\t\t\t\t\t\t\t\t\t<span class=\"elementor-button-text\">R\u00e9server maintenant<\/span>\n\t\t\t\t\t<\/span>\n\t\t\t\t\t<\/a>\n\t\t\t\t\t\t\t\t<\/div>\n\t\t\t\t<div class=\"elementor-element elementor-element-f32d411 elementor-widget-divider--view-line elementor-widget elementor-widget-divider\" data-id=\"f32d411\" data-element_type=\"widget\" data-e-type=\"widget\" data-widget_type=\"divider.default\">\n\t\t\t\t\t\t\t<div class=\"elementor-divider\">\n\t\t\t<span class=\"elementor-divider-separator\">\n\t\t\t\t\t\t<\/span>\n\t\t<\/div>\n\t\t\t\t\t\t<\/div>\n\t\t\t\t<div class=\"elementor-element elementor-element-88735c4 elementor-widget elementor-widget-image\" data-id=\"88735c4\" data-element_type=\"widget\" data-e-type=\"widget\" data-widget_type=\"image.default\">\n\t\t\t\t\t\t\t\t\t\t\t\t\t\t\t<img decoding=\"async\" src=\"https:\/\/impactespace.csdigipro.com\/wp-content\/uploads\/elementor\/thumbs\/LOGO-IMPACT-ESPACE-rgfkcg8q4cq742ft98hwmq57lv7799g6s79p5o5gqo.png\" title=\"LOGO IMPACT ESPACE\" alt=\"LOGO IMPACT ESPACE\" loading=\"lazy\" \/>\t\t\t\t\t\t\t\t\t\t\t\t\t\t\t<\/div>\n\t\t\t\t<div class=\"elementor-element elementor-element-6cff24d elementor-widget elementor-widget-text-editor\" data-id=\"6cff24d\" data-element_type=\"widget\" data-e-type=\"widget\" data-widget_type=\"text-editor.default\">\n\t\t\t\t\t\t\t\t\t<p>Impact Espace \u00a9 2025<\/p>\t\t\t\t\t\t\t\t<\/div>\n\t\t\t\t<\/div>\n\t\t<div class=\"elementor-element elementor-element-7953ead e-flex e-con-boxed e-con e-child\" data-id=\"7953ead\" data-element_type=\"container\" data-e-type=\"container\">\n\t\t\t\t\t<div class=\"e-con-inner\">\n\t\t\t\t\t<\/div>\n\t\t\t\t<\/div>\n\t\t\t\t<\/div>\n\t\t\t\t<\/div>\n\t\t","protected":false},"excerpt":{"rendered":"<p>Phrase centr\u00e9e Salle climatis\u00e9e et moderne pour vos formations, r\u00e9unions ou \u00e9v\u00e9nements \u00e0 Abatta. R\u00e9server maintenant https:\/\/impactespace.csdigipro.com\/wp-content\/uploads\/2025\/12\/lv_0_20251218203146.mp4 impact espace : Un espace moderne et accueillant pour vos formations et \u00e9v\u00e9nements Situ\u00e9e au carrefour V\u00e9n\u00e9zua, sur la route d\u2019Abatta, notre salle offre un cadre id\u00e9al pour vos formations, r\u00e9unions, s\u00e9minaires ou petits \u00e9v\u00e9nements. Pens\u00e9e pour le confort et la productivit\u00e9, elle combine un environnement calme, un am\u00e9nagement professionnel et des \u00e9quipements modernes, afin de garantir la r\u00e9ussite de toutes vos sessions. \ud83e\uddf0 Ce que nous mettons \u00e0 votre disposition \u2744\ufe0f Salle climatis\u00e9e \u2013 Capacit\u00e9 de 25 places confortables \ud83d\udcfa \u00c9cran TV 55\u2019\u2019 connect\u00e9 \u2013 pour vos pr\u00e9sentations et projections \ud83c\udf10 WiFi haut d\u00e9bit \u2013 pour vos besoins num\u00e9riques \ud83c\udf7d\ufe0f Cuisine \u00e9quip\u00e9e \u2013 pour vos pauses caf\u00e9 ou repas sur place \ud83d\udebb Toilettes modernes et propres \ud83e\ude91 Tables et chaises modulables selon vos besoins \ud83d\udccd Localisation Nous sommes situ\u00e9s \u00e0 Abatta, carrefour&hellip;<\/p>\n<p> <a class=\"more-link\" href=\"https:\/\/impactespace.csdigipro.com\/\">Lire la suite<\/a><\/p>\n","protected":false},"author":1,"featured_media":14,"parent":0,"menu_order":0,"comment_status":"closed","ping_status":"open","template":"elementor_header_footer","meta":{"footnotes":""},"class_list":["post-2","page","type-page","status-publish","has-post-thumbnail"],"_links":{"self":[{"href":"https:\/\/impactespace.csdigipro.com\/index.php\/wp-json\/wp\/v2\/pages\/2","targetHints":{"allow":["GET"]}}],"collection":[{"href":"https:\/\/impactespace.csdigipro.com\/index.php\/wp-json\/wp\/v2\/pages"}],"about":[{"href":"https:\/\/impactespace.csdigipro.com\/index.php\/wp-json\/wp\/v2\/types\/page"}],"author":[{"embeddable":true,"href":"https:\/\/impactespace.csdigipro.com\/index.php\/wp-json\/wp\/v2\/users\/1"}],"replies":[{"embeddable":true,"href":"https:\/\/impactespace.csdigipro.com\/index.php\/wp-json\/wp\/v2\/comments?post=2"}],"version-history":[{"count":112,"href":"https:\/\/impactespace.csdigipro.com\/index.php\/wp-json\/wp\/v2\/pages\/2\/revisions"}],"predecessor-version":[{"id":165,"href":"https:\/\/impactespace.csdigipro.com\/index.php\/wp-json\/wp\/v2\/pages\/2\/revisions\/165"}],"wp:featuredmedia":[{"embeddable":true,"href":"https:\/\/impactespace.csdigipro.com\/index.php\/wp-json\/wp\/v2\/media\/14"}],"wp:attachment":[{"href":"https:\/\/impactespace.csdigipro.com\/index.php\/wp-json\/wp\/v2\/media?parent=2"}],"curies":[{"name":"wp","href":"https:\/\/api.w.org\/{rel}","templated":true}]}}